of 36630076?
6
What is the millions digit of 1267793744?
7
What is the units digit of 114910993?
3
What is the billions digit of 1259053250?
1
What is the hundreds digit of 288378818?
8
What is the tens digit of 637878362?
6
What is the hundred millions digit of 756579284?
7
What is the hundreds digit of 285467962?
9
What is the thousands digit of 174648008?
8
What is the hundred millions digit of 1038945324?
0
What is the hundred thousands digit of 227882658?
8
What is the hundreds digit of 197073916?
9
What is the units digit of 12160548?
8
What is the ten millions digit of 2820035625?
2
What is the ten thousands digit of 64148153?
4
What is the ten thousands digit of 63713481?
1
What is the hundred thousands digit of 354285366?
2
What is the millions digit of 3420453752?
0
What is the ten millions digit of 87067801?
8
What is the hundred millions digit of 148669587?
1
What is the hundred millions digit of 266683828?
2
What is the tens digit of 6530950?
5
What is the ten millions digit of 177798756?
7
What is the tens digit of 14128433?
3
What is the hundreds digit of 1891845342?
3
What is the hundred thousands digit of 107609570?
6
What is the ten millions digit of 128333006?
2
What is the hundreds digit of 445196629?
6
What is the thousands digit of 1040589584?
9
What is the billions digit of 3876012402?
3
What is the hundreds digit of 1040794383?
3
What is the tens digit of 55237922?
2
What is the thousands digit of 556918271?
8
What is the units digit of 587744330?
0
What is the units digit of 247732833?
3
What is the hundreds digit of 106631656?
6
What is the ten millions digit of 268693598?
6
What is the tens digit of 50346593?
9
What is the ten millions digit of 120148062?
2
What is the hundred thousands digit of 117270659?
2
What is the millions digit of 2719182683?
9
What is the tens digit of 206883974?
7
What is the ten millions digit of 62618806?
6
What is the ten thousands digit of 200129262?
2
What is the millions digit of 20504064?
0
What is the hundred thousands digit of 583903053?
9
What is the millions digit of 3043976049?
3
What is the millions digit of 4012531110?
2
What is the ten millions digit of 983456630?
8
What is the tens digit of 888832534?
3
What is the units digit of 808578962?
2
What is the hundred millions digit of 205016512?
2
What is the billions digit of 1045617668?
1
What is the hundred thousands digit of 42969432?
9
What is the ten thousands digit of 47576858?
7
What is the thousands digit of 18540761?
0
What is the thousands digit of 54527163?
7
What is the ten thousands digit of 104425326?
2
What is the ten millions digit of 4067943572?
6
What is the tens digit of 837757021?
2
What is the hundred thousands digit of 297003985?
0
What is the tens digit of 1648201431?
3
What is the hundreds digit of 73871714?
7
What is the units digit of 217670872?
2
What is the millions digit of 6620183?
6
What is the hundred millions digit of 5074964111?
0
What is the hundred millions digit of 1740280205?
7
What is the units digit of 21555434?
4
What is the ten thousands digit of 162043749?
4
What is the thousands digit of 493694522?
4
What is the millions digit of 19569857?
9
What is the millions digit of 2887253?
2
What is the hundred millions digit of 4009279698?
0
What is the tens digit of 4048298104?
0
What is the tens digit of 568983197?
9
What is the units digit of 193452707?
7
What is the ten thousands digit of 118672839?
7
What is the tens digit of 316537361?
6
What is the hundreds digit of 52787738?
7
What is the hundreds digit of 4124481711?
7
What is the millions digit of 2510958723?
0
What is the thousands digit of 1312920048?
0
What is the units digit of 2101091694?
4
What is the hundred thousands digit of 22270500?
2
What is the ten thousands digit of 77595618?
9
What is the millions digit of 356131991?
6
What is the hundreds digit of 2894039087?
0
What is the ten millions digit of 14987441?
1
What is the thousands digit of 11391104?
1
What is the ten millions digit of 5329364695?
2
What is the hundreds digit of 246385551?
5
What is the millions digit of 81385795?
1
What is the hundreds digit of 1388726033?
0
What is the hundred millions digit of 6200789489?
2
What is the hundreds digit of 22547586?
5
What is the hundred millions digit of 124733026?
1
What is the thousands digit of 51897108?
7
What is the ten thousands digit of 21533339?
3
What is the units digit of 771011286?
6
What is the millions digit of 71705310?
1
What is the ten thousands digit of 4311009709?
0
What is the hundred thousands digit of 63287361?
2
What is the hundreds digit of 114357281?
2
What is the thousands digit of 79556822?
6
What is the thousands digit of 260062205?
2
What is the millions digit of 56042911?
6
What is the tens digit of 370143763?
6
What is the millions digit of 238497772?
8
What is the millions digit of 6841447511?
1
What is the thousands digit of 819319?
9
What is the billions digit of 4534586418?
4
What is the millions digit of 302764602?
2
What is the thousands digit of 982229?
2
What is the ten thousands digit of 695642228?
4
What is the units digit of 390398597?
7
What is the ten thousands digit of 2322573315?
7
What is the thousands digit of 120583725?
3
What is the tens digit of 93083151?
5
What is the units digit of 474820228?
8
What is the hundred thousands digit of 217649406?
6
What is the ten millions digit of 177514604?
7
What is the ten thousands digit of 8166483?
6
What is the units digit of 8371311?
1
What is the ten thousands digit of 28644982?
4
What is the millions digit of 71983363?
1
What is the thousands digit of 497581279?
1
What is the hundred thousands digit of 90517221?
5
What is the tens digit of 312500658?
5
What is the thousands digit of 22836897?
6
What is the units digit of 1110324927?
7
What is the hundreds digit of 1861017525?
5
What is the ten thousands digit of 101137682?
3
What is the units digit of 210191732?
2
What is the millions digit of 645491463?
5
What is the hundred millions digit of 266746215?
2
What is the units digit of 233065397?
7
What is the millions digit of 159093523?
9
What is the hundreds digit of 163688843?
8
What is the millions digit of 168851822?
8
What is the units digit of 2359114114?
4
What is the tens digit of 1713745019?
1
What is the millions digit of 43058430?
3
What is the ten millions digit of 1009768142?
0
What is the units digit of 26217958?
8
What is the millions digit of 119560197?
9
What is the millions digit of 85097953?
5
What is the units digit of 22485207?
7
What is the tens digit of 11604095?
9
What is the tens digit of 56144552?
5
What is the units digit of 18596153?
3
What is the tens digit of 666715245?
4
What is the hundred thousands digit of 26796015?
7
What is the units digit of 24051127?
7
What is the thousands digit of 83310761?
0
What is the millions digit of 3659044024?
9
What is the millions digit of 3998284?
3
What is the ten millions digit of 69794482?
6
What is the tens digit of 954753085?
8
What is the ten thousands digit of 12908840?
0
What is the tens digit of 619424240?
4
What is the millions digit of 18531182?
8
What is the thousands digit of 452553350?
3
What is the hundred thousands digit of 730666442?
6
What is the hundreds digit of 479107?
1
What is the hundred millions digit of 4753375040?
7
What is the ten thousands digit of 1006590331?
9
What is the ten thousands digit of 60082082?
8
What is the hundred millions digit of 118135193?
1
What is the units digit of 96576550?
0
What is the ten millions digit of 27062680?
2
What is the tens digit of 2239520107?
0
What is the tens digit of 5279785083?
8
What is the millions digit of 118062750?
8
What is the hundreds digit of 74224570?
5
What is the tens digit of 29902677?
7
What is the millions digit of 215103974?
5
What is the hundred thousands digit of 284036373?
0
What is the billions digit of 4832185096?
4
What is the thousands digit of 253913341?
3
What is the ten thousands digit of 452898861?
9
What is the hundreds digit of 1246882001?
0
What is the thousands digit of 517865877?
5
What is the ten millions digit of 157228782?
5
What is the ten thousands digit of 30529526?
2
What is the ten thousands digit of 22269162?
6
What is the ten millions digit of 12285064